 Calculate the greatest common divisor of 105 and r.
15
Suppose 0*q + 40 = 10*q. Let d be (7 - ((-4)/(-2) - q))*1. Let b(j) = j**3 - 6*j**2 - 9*j - 9. Let w be b(d). Calculate the greatest common factor of w and 17.
17
Suppose 0*r + 32*r = -18*r + 1200. What is the highest common factor of r and 822?
6
Let q = 118 - 116. Let u be (2 - q)/(-2) + 24. What is the greatest common factor of u and 14?
2
Let z(x) = 2*x**3 + 7*x**2 - 13*x + 123. Let q be z(8). Calculate the highest common divisor of q and 42.
21
Suppose 36*l = 32*l + 1116. Let w = 4 - 2. Suppose w*v + 7*v = l. What is the highest common divisor of 124 and v?
31
Suppose 2*x + 3*n - 111 = 0, -16*n - 309 = -5*x - 13*n. Calculate the greatest common factor of 690 and x.
30
Suppose 0 = -5*o + 27 + 148. Let w be (1 - (-5 - 1)) + -14. Let k be (-241)/w + 4/7. Calculate the highest common divisor of o and k.
35
Suppose -t - 2*z = -4*t - 1194, 5*z - 1185 = 3*t. Let r = t - -596. Calculate the highest common factor of r and 28.
28
Suppose 0 = -4*a + 5*h + 19, -3*h = 7 - 22. Suppose -s = -3 - a. Suppose -409 = -93*y - 316. Calculate the highest common factor of s and y.
1
Let i(t) = t**3 + 22*t**2 - 159*t + 261. Let s be i(-28). Let q be 215 + -1*(-1 - 0). Calculate the greatest common divisor of s and q.
9
Suppose -h = 3*g - 2396, -65*g = -67*g - h + 1597. Calculate the greatest common divisor of g and 204.
17
Suppose 95*q - 4495 = 66*q. What is the highest common factor of q and 31?
31
Let r(h) = -314*h**2 + 5026*h + 14. Let b be r(16). Let m(l) = 4*l**2 - 4*l - 2. Let y be m(-3). Calculate the highest common divisor of y and b.
46
Let f(m) = 12*m + 430. Let j be f(-30). Let a be (-3)/(-12)*2*12. Suppose 3*o = -w + 38, -w - a = o + 4*w. Calculate the highest common factor of j and o.
14
Let n = -9 - -441. Suppose 2*w = -3*z + 326, 5*w - 7*w + n = 4*z. Let h = -30 + z. What is the greatest common divisor of h and 19?
19
Let g(q) = 16*q**3 - 2*q**2 - 6*q + 19. Let x be g(3). Suppose -412*z = -x*z + 1056. What is the greatest common factor of 44 and z?
44
Let r(t) = 1231*t + 4927. Let o be r(-4). Calculate the highest common factor of o and 57.
3
Let f be ((-7910)/21)/((-6)/108). Calculate the greatest common factor of 15 and f.
15
Let z(h) = 55*h**2 + 3*h - 4. Let b be z(1). Suppose 4*u + 30 - 36 = -3*g, g = -3*u - 3. Calculate the highest common factor of g and b.
6
Suppose -3*m + 4470 = -15459. Calculate the highest common divisor of 73 and m.
73
Let i(g) = -g**3 - 15*g**2 - 15*g - 15. Let a be i(-14). Let v be (-1)/(1/a) + 311. What is the greatest common divisor of v and 39?
39
Let y be (-58)/(-8) + 7 + 232/(-32). Suppose y*a - 8*a = r - 133, -5*r + 529 = 4*a. Calculate the highest common divisor of 40 and a.
8
Suppose 149*j + 1946648 = 237*j. What is the highest common divisor of j and 22?
11
Suppose 7*o = -o + 432. Let u(i) = 93 + i - i**2 - o + 4*i**2 - 47. Let k be u(-4). What is the highest common divisor of 324 and k?
36
Let p = -10652 + 10657. What is the highest common factor of 9965 and p?
5
Let m be 62 - (-9)/6*2. Suppose 3*h = -2*h + m. Let r(b) = 2*b**2 - 9*b + 62. Let k be r(9). What is the greatest common divisor of h and k?
13
Let l(v) = 3*v**3 + 16*v**2 + 6*v + 7. Let x be l(-5). Suppose 0 = -13*z + x*z + 44. Suppose -312 = -z*i - 96. What is the highest common divisor of 18 and i?
18
Let d = 444 + -264. Let n(o) = 494*o - 1462. Let i be n(3). Calculate the greatest common factor of d and i.
20
Suppose -68 = 12*y - 13*y. Let z = y - -1. Suppose -2*a + 5*c - z = -6*a, -a + 2*c + 14 = 0. Calculate the highest common divisor of 4 and a.
4
Suppose -8 + 24 = -4*j. Let p be ((-10)/j - 1)*14. Let a(h) = -h**2 + 66*h - 645. Let n be a(12). Calculate the greatest common divisor of p and n.
3
Let d = 177 - 107. Suppose -4*l = -l + 6, 3*t - 351 = 3*l. Suppose 109 + t = 4*f. Calculate the greatest common divisor of d and f.
14
Suppose 52*o - 112*o + 57148 = 97*o. What is the greatest common factor of 1148 and o?
28
Suppose 4*i - 2*d + 858 - 1038 = 0, 5*i - d - 216 = 0. Let t(f) = -19*f + 12. Let n be t(-6). Calculate the greatest common divisor of n and i.
42
Suppose -z = -2*z + 10. Let o be 4 + 50/(-12) - 2709/(-54). Let q be (-1 - 3) + (60 - o). Calculate the greatest common divisor of z and q.
2
Let o(c) = c**3 + c**2 + 4*c + 2020. Let j be o(0). What is the highest common divisor of 4 and j?
4
Let q = -250 + 556. Let k = q - 288. What is the highest common factor of 186 and k?
6
Let a(w) = 6*w**2 + 55*w - 290. Let y be a(6). Suppose -3*h = -12, 422 = 5*b - h - 134. Calculate the highest common factor of b and y.
16
Suppose 4*v = -l + 3355, -8*l = -2*v - 4*l + 1700. What is the greatest common factor of 480 and v?
120
Let j(n) = n**2 + 6*n + 60. Let y = 110 + -110. Let f be j(y). What is the highest common divisor of 20 and f?
20
Suppose 4*u = -b + 802, -8*b + 3247 = -4*b + 3*u. Let w = -3327 + 3349. Calculate the highest common factor of b and w.
22
Let p(c) = -33*c + 121. Let g be p(8). Let a = g + 368. What is the highest common factor of a and 45?
45
Let g be 119/(-14)*4/(-2). Suppose -5*h + 107 = -23. Let a = h + -9. Calculate the greatest common divisor of g and a.
17
Let f(r) = 1355*r + 1453. Let l be f(2). Calculate the highest common factor of 181 and l.
181
Suppose -2*g + a = 7, 0*g + g + 2 = 2*a. Let c be (0 - -5 - 7)*(-2)/g. Let p be (c + -2)*14/(-6). What is the greatest common factor of p and 49?
7
Suppose 15770 + 24162 = 298*q. Calculate the highest common divisor of q and 11591.
67
Suppose 3481 + 4936 = 103*y - 4252. Let w be 2*(0 - 37/2). Let a = 45 - w. What is the highest common factor of a and y?
41
Let z = 1733 - 1023. Suppose 0 = 8*q - 25*q + 170. What is the highest common divisor of z and q?
10
Let h be (-12)/(-84) - (630/(-49) - -1). Calculate the greatest common divisor of 2796 and h.
12
Suppose -13909 + 4684 = -18*f - 23*f. Calculate the highest common factor of f and 305.
5
Let h be -3*2/3 - -32. Let c be (-1614)/(-4) + 3*5/(-6). Suppose -394*f + c*f - 42 = 0. Calculate the highest common divisor of h and f.
6
Suppose -3*j + 5897 = -5*k, 12*k = 17*j + 11*k - 33471. Calculate the greatest common divisor of j and 44.
11
Let v be (14/(-6))/(-8 + 2288/288). Calculate the highest common divisor of v and 5082.
42
Let z be ((-13)/(-156)*141)/(8/160). Calculate the greatest common divisor of z and 40.
5
Let u(t) = -t**2 - 23*t - 30. Let x be u(-11). Let q = -14 + x. What is the highest common divisor of 44 and q?
44
Suppose 3*d + 2086 = -f, -5*f - 29 = -9. Let n = d - -728. What is the greatest common factor of n and 119?
17
Suppose 1434 = -0*c + 6*c. Suppose c = 2*b - 5*f, -4*f = -4*b - 48 + 556. Calculate the greatest common divisor of 72 and b.
12
Let w(i) = 5 + 0 - 54*i - 2*i**2 + 62*i. Let g be w(5). Let u be g*3/(-6)*2. What is the greatest common factor of 40 and u?
5
Let o = 432 + -397. Let k = o - 32. Calculate the greatest common divisor of k and 12.
3
Suppose -x + 167 + 185 = 3*f, -5*x + f + 1760 = 0. Calculate the greatest common factor of 288 and x.
32
Let p(c) = 2*c**2 - 17*c - 56. Let g be p(-3). Let o be (4 + 5)/(3/2). Let k be o*((-5)/6 + 1). What is the greatest common factor of k and g?
1
Let t = 9976 + -5881. Calculate the greatest common divisor of 60 and t.
15
Suppose 5522 = 10*h + 1532. Calculate the greatest common factor of 63 and h.
21
Suppose -11*x = -43*x + 4992. Suppose 9*r = -x + 309. What is the highest common divisor of r and 833?
17
Suppose 0*v - 2*v = 3*g - 1, -5 = -v - 3*g. Let s be 1 - (-5 + 16)*v. Suppose o = -5 + s. What is the greatest common divisor of 24 and o?
8
Let w(t) = t + 44. Let q(d) = 2*d - 4. Let b be q(3). Suppose -25 = z - j - b*j, -5*j = 4*z + 49. Let p be w(z). What is the greatest common factor of 56 and p?
28
Suppose -7*a + 516 = -3*a. Suppose s - 3*m = -3*s + 183, 3*s - 5*m = a. What is the greatest common divisor of s and 240?
48
Suppose c + 2856 - 2960 = 0. Suppose -4*a + 92 = -116. Calculate the highest common factor of c and a.
52
Let f(p) = -181*p + 967. Let w be f(5). What is the greatest common factor of w and 62?
62
Let v(w) be the second derivative of w**4/12 - 4*w**2 + 6*w. Let c be v(-6). Calculate the greatest common divisor of c and 364.
28
Suppose 76*l + 170 = 241 + 2209. Suppose -x + 122 =